rime factors of 93953?
47, 1999
What are the prime factors of 2894?
2, 1447
What are the prime factors of 5202?
2, 3, 17
List the prime factors of 783.
3, 29
What are the prime factors of 1288?
2, 7, 23
What are the prime factors of 3545?
5, 709
What are the prime factors of 105?
3, 5, 7
List the prime factors of 17867.
17, 1051
List the prime factors of 174.
2, 3, 29
List the prime factors of 3140.
2, 5, 157
What are the prime factors of 148839?
3, 49613
What are the prime factors of 17478?
2, 3, 971
What are the prime factors of 11971?
11971
List the prime factors of 35573.
35573
List the prime factors of 13194.
2, 3, 733
What are the prime factors of 3357?
3, 373
What are the prime factors of 11296?
2, 353
What are the prime factors of 1486?
2, 743
What are the prime factors of 2302?
2, 1151
What are the prime factors of 4313?
19, 227
What are the prime factors of 55026?
2, 3, 1019
What are the prime factors of 16435?
5, 19, 173
List the prime factors of 22497.
3, 7499
List the prime factors of 26412.
2, 3, 31, 71
List the prime factors of 88016.
2, 5501
What are the prime factors of 448?
2, 7
List the prime factors of 24545.
5, 4909
What are the prime factors of 684?
2, 3, 19
List the prime factors of 1371.
3, 457
What are the prime factors of 959?
7, 137
List the prime factors of 58962.
2, 3, 31, 317
List the prime factors of 50958.
2, 3, 19, 149
List the prime factors of 600.
2, 3, 5
What are the prime factors of 17138?
2, 11, 19, 41
What are the prime factors of 1207?
17, 71
List the prime factors of 1170.
2, 3, 5, 13
List the prime factors of 1435.
5, 7, 41
List the prime factors of 4132.
2, 1033
List the prime factors of 44286.
2, 3, 11, 61
What are the prime factors of 51441?
3, 13, 1319
List the prime factors of 26397.
3, 7, 419
List the prime factors of 173091.
3, 57697
What are the prime factors of 14465?
5, 11, 263
List the prime factors of 26739.
3, 2971
List the prime factors of 37653.
3, 7, 11, 163
What are the prime factors of 179412?
2, 3, 14951
What are the prime factors of 41432?
2, 5179
What are the prime factors of 29661?
3, 9887
What are the prime factors of 720?
2, 3, 5
List the prime factors of 55237.
7, 13, 607
List the prime factors of 120275.
5, 17, 283
What are the prime factors of 22554?
2, 3, 7, 179
List the prime factors of 806.
2, 13, 31
What are the prime factors of 9292?
2, 23, 101
What are the prime factors of 1207?
17, 71
What are the prime factors of 541?
541
List the prime factors of 29359.
11, 17, 157
What are the prime factors of 51142?
2, 7, 13, 281
List the prime factors of 14123.
29, 487
What are the prime factors of 610?
2, 5, 61
List the prime factors of 4693.
13, 19
List the prime factors of 12405.
3, 5, 827
List the prime factors of 66278.
2, 31, 1069
What are the prime factors of 12134?
2, 6067
What are the prime factors of 17943?
3, 5981
List the prime factors of 79.
79
List the prime factors of 537.
3, 179
List the prime factors of 14276.
2, 43, 83
List the prime factors of 97991.
29, 31, 109
What are the prime factors of 3016?
2, 13, 29
List the prime factors of 2288.
2, 11, 13
What are the prime factors of 1192?
2, 149
List the prime factors of 5400.
2, 3, 5
What are the prime factors of 75934?
2, 37967
What are the prime factors of 18077?
18077
List the prime factors of 49403.
127, 389
What are the prime factors of 1502?
2, 751
What are the prime factors of 83467?
19, 23, 191
What are the prime factors of 37213?
11, 17, 199
List the prime factors of 209.
11, 19
List the prime factors of 40266.
2, 3, 2237
List the prime factors of 3935.
5, 787
What are the prime factors of 5551?
7, 13, 61
What are the prime factors of 14029?
14029
What are the prime factors of 42757?
11, 13, 23
What are the prime factors of 475?
5, 19
What are the prime factors of 33897?
3, 11299
List the prime factors of 935.
5, 11, 17
What are the prime factors of 393?
3, 131
What are the prime factors of 1433?
1433
What are the prime factors of 6944?
2, 7, 31
What are the prime factors of 24372?
2, 3, 677
List the prime factors of 3092.
2, 773
List the prime factors of 8958.
2, 3, 1493
List the prime factors of 29186.
2, 14593
What are the prime factors of 83108?
2, 79, 263
What are the prime factors of 13620?
2, 3, 5, 227
List the prime factors of 51082.
2, 25541
What are the prime factors of 108117?
3, 41, 293
What are the prime factors of 3297?
3, 7, 157
List the prime factors of 57467.
57467
What are the prime factors of 16048?
2, 17, 59
List the prime factors of 75063.
3, 131, 191
List the prime factors of 19742.
2, 9871
List the prime factors of 5041.
71
What are the prime factors of 660?
2, 3, 5, 11
What are the prime factors of 1399?
1399
What are the prime factors of 110189?
251, 439
What are the prime factors of 350?
2, 5, 7
List the prime factors of 3353.
7, 479
What are the prime factors of 5890?
2, 5, 19, 31
List the prime factors of 3817.
11, 347
List the prime factors of 843.
3, 281
List the prime factors of 1040.
2, 5, 13
What are the prime factors of 40043?
23, 1741
List the prime factors of 103195.
5, 20639
List the prime factors of 21231.
3, 7, 337
List the prime factors of 2315.
5, 463
List the prime factors of 33464.
2, 47, 89
List the prime factors of 939.
3, 313
List the prime factors of 10308.
2, 3, 859
List the prime factors of 554.
2, 277
List the prime factors of 6947.
6947
What are the prime factors of 88238?
2, 44119
What are the prime factors of 127?
127
List the prime factors of 31936.
2, 499
What are the prime factors of 60332?
2, 15083
List the prime factors of 2525.
5, 101
What are the prime factors of 105264?
2, 3, 17, 43
List the prime factors of 252.
2, 3, 7
What are the prime factors of 3616?
2, 113
List the prime factors of 818.
2, 409
List the prime factors of 19.
19
List the prime factors of 20231.
20231
List the prime factors of 74.
2, 37
What are the prime factors of 3226?
2, 1613
List the prime factors of 79.
79
What are the prime factors of 6218?
2, 3109
List the prime factors of 4088.
2, 7, 73
What are the prime factors of 1927?
41, 47
List the prime factors of 23403.
3, 29, 269
What are the prime factors of 1208?
2, 151
What are the prime factors of 8508?
2, 3, 709
List the prime factors of 734.
2, 367
What are the prime factors of 12180?
2, 3, 5, 7, 29
List the prime factors of 16747.
16747
List the prime factors of 4423.
4423
What are the prime factors of 102070?
2, 5, 59, 173
What are the prime factors of 2042?
2, 1021
List the prime factors of 1281.
3, 7, 61
What are the prime factors of 42979?
42979
What are the prime factors of 2042?
2, 1021
What are the prime factors of 2017?
2017
List the prime factors of 18995.
5, 29, 131
List the prime factors of 6458.
2, 3229
List the prime factors of 14454.
2, 3, 11, 73
List the prime factors of 9771.
3, 3257
What are the prime factors of 900?
2, 3, 5
List the prime factors of 4972.
2, 11, 113
What are the prime factors of 3143?
7, 449
List the prime factors of 36242.
2, 18121
List the prime factors of 720.
2, 3, 5
What are the prime factors of 621?
3, 23
List the prime factors of 58694.
2, 29347
List the prime factors of 11098.
2, 31, 179
What are the prime factors of 8288?
2, 7, 37
List the prime factors of 59432.
2, 17, 19, 23
What are the prime factors of 244?
2, 61
List the prime factors of 1396.
2, 349
List the prime factors of 7349.
7349
List the prime factors of 5387.
5387
What are the prime factors of 3028?
2, 757
What are the prime factors of 361?
19
List the prime factors of 89220.
2, 3, 5, 1487
List the prime factors of 191.
191
What are the prime factors of 255?
3, 5, 17
What are the prime factors of 278?
2, 139
What are the prime factors of 7436?
2, 11, 13
List the prime factors of 288.
2, 3
What are the prime factors of 15402?
2, 3, 17, 151
List the prime factors of 65030.
2, 5, 7, 929
List the prime factors of 473.
11, 43
List the prime factors of 685.
5, 137
What are the prime factors of 641?
641
List the prime factors of 63841.
63841
List the prime factors of 14550.
2, 3, 5, 97
List the prime factors of 6634.
2, 31, 107
List the prime factors of 7806.
2, 3, 1301
List the prime factors of 229.
229
List the prime factors of 468.
2, 3, 13
What are the prime factors of 32484?
2, 3, 2707
What are the prime facto